ase 4, what is -22021333 - -2?
-22021331
In base 11, what is 11141 - -a2?
11233
In base 7, what is 24403120 - -5?
24403125
In base 13, what is -1aa2ac + 3?
-1aa2a9
In base 4, what is -23013021 + 11?
-23013010
In base 16, what is -58c5 + -4e?
-5913
In base 10, what is 136395 + -4?
136391
In base 8, what is -5733 + -55?
-6010
In base 2, what is -100101 - -11100001?
10111100
In base 9, what is 1 - -45018?
45020
In base 15, what is 3 - -d6854?
d6857
In base 8, what is 4146 + -44?
4102
In base 7, what is 3045114 - -4?
3045121
In base 16, what is -5 - 226?
-22b
In base 12, what is 2 + -303903?
-303901
In base 16, what is -39c9 + 0?
-39c9
In base 5, what is 13120 - 23133?
-10013
In base 11, what is 1 - -9582a?
95830
In base 15, what is 1 + 4c00?
4c01
In base 14, what is -1393390 + -2?
-1393392
In base 4, what is 1203313 - -1110?
1211023
In base 13, what is -8ab72 + 0?
-8ab72
In base 6, what is -10134 + 123?
-10011
In base 14, what is a2171 + -8?
a2167
In base 2, what is 10000 - -100111110100?
101000000100
In base 2, what is 0 + -1010101010011111?
-1010101010011111
In base 5, what is 2 - 3333233?
-3333231
In base 10, what is -2012 + 583?
-1429
In base 11, what is -2 - 831?
-833
In base 4, what is 3 - -130303?
130312
In base 2, what is 1001100011110000111 + 100?
1001100011110001011
In base 8, what is -12257 + -6?
-12265
In base 7, what is 1 + 11665?
11666
In base 16, what is 72 + 629?
69b
In base 12, what is -b56 + -43?
-b99
In base 12, what is -2 - 14266?
-14268
In base 13, what is -15375 - 4?
-15379
In base 12, what is -11608 - 58?
-11664
In base 11, what is 3 - -27a14?
27a17
In base 16, what is 14af - -9c?
154b
In base 2, what is -11 + -11000110101100100111?
-11000110101100101010
In base 6, what is -24 + -10403?
-10431
In base 12, what is 2 - -108562?
108564
In base 5, what is 2333010 - 40?
2332420
In base 7, what is 5452 - 216?
5233
In base 3, what is -120120 - -12021?
-101022
In base 13, what is -c + 10b7?
10a8
In base 7, what is 2 - 360651?
-360646
In base 3, what is 20 - 2212200000?
-2212122210
In base 3, what is 1201010 - 222?
1200011
In base 5, what is -32 - 34344?
-34431
In base 7, what is -160 + -1431?
-1621
In base 8, what is 715 - 143?
552
In base 9, what is 23 + -10642?
-10618
In base 12, what is 2 - -52a67?
52a69
In base 10, what is -4 - 6932?
-6936
In base 8, what is 1040 + 4?
1044
In base 13, what is 0 + -19995?
-19995
In base 12, what is -12803 + 3b?
-12784
In base 8, what is -13220 + 1?
-13217
In base 14, what is 6 + db67?
db6d
In base 7, what is 262 + -10305?
-10013
In base 12, what is 13 - -396b?
3982
In base 15, what is 3 + -7d7e?
-7d7b
In base 5, what is -240 - 111042?
-111332
In base 15, what is 66d6 + 4?
66da
In base 2, what is 10011011000000 - 101100?
10011010010100
In base 14, what is 3 + -c129?
-c126
In base 9, what is -17111 + 610?
-16401
In base 8, what is -13 - -175414?
175401
In base 13, what is -2 - -14a3?
14a1
In base 8, what is 172 - 2032?
-1640
In base 8, what is 2 + 41041?
41043
In base 14, what is 4 + -6b29?
-6b25
In base 15, what is -6 + 3562d?
35627
In base 15, what is 14 + a24?
a38
In base 10, what is -76928 + -3?
-76931
In base 11, what is -4195 + 4?
-4191
In base 3, what is 102 - 122110?
-122001
In base 3, what is -10110022000202 - -12?
-10110022000120
In base 2, what is 110001010 - 1111111?
100001011
In base 3, what is -1 - 102120010000?
-102120010001
In base 12, what is -1 - -a7b4?
a7b3
In base 4, what is 121020322 - 1?
121020321
In base 13, what is 0 + 2972b4?
2972b4
In base 9, what is -43 - 826?
-870
In base 15, what is 1b28 - e1?
1a37
In base 2, what is -1001100001101 - 1010011?
-1001101100000
In base 10, what is 497224 + 3?
497227
In base 12, what is -b19 - -78?
-a61
In base 13, what is 196 - 94?
102
In base 7, what is 550 + 51331?
52211
In base 14, what is 612 - 9?
607
In base 14, what is 14362 + 8?
1436a
In base 7, what is 52251 + -4?
52244
In base 5, what is -24 - -131311?
131232
In base 5, what is 1130 + -2241?
-1111
In base 7, what is 0 - -421253?
421253
In base 5, what is 10 + -144101?
-144041
In base 15, what is 0 - -55780?
55780
In base 11, what is 273aa + -49?
27361
In base 15, what is 659 + -17?
642
In base 8, what is -223 - -105265?
105042
In base 12, what is 13568 + -6?
13562
In base 7, what is 301 - -333?
634
In base 7, what is -13 - -23413?
23400
In base 9, what is 4 + -3285?
-3281
In base 3, what is -12101 + -22021201?
-22111002
In base 9, what is -13 - 1765?
-1778
In base 8, what is -2 - 22407?
-22411
In base 11, what is -12 - 4457?
-4469
In base 2, what is 10100010010 - -110110100?
11011000110
In base 16, what is -20d - -2b5?
a8
In base 9, what is -2474 + -8?
-2483
In base 14, what is 9 + -11c6?
-11bb
In base 10, what is -1 - 174224?
-174225
In base 12, what is 2a + 1a6b2?
1a720
In base 2, what is -110000100 + -1000?
-110001100
In base 5, what is 3 + -31200421?
-31200413
In base 12, what is 85 + -20?
65
In base 10, what is 216 + -123?
93
In base 12, what is 3052 - 8?
3046
In base 5, what is -42042420 - 0?
-42042420
In base 5, what is 40314424 - -3?
40314432
In base 14, what is -3ad0 - -8?
-3ac6
In base 7, what is -101 + 5526?
5425
In base 3, what is -1011201020211 - 2?
-1011201020220
In base 10, what is 42 - 2356?
-2314
In base 3, what is -12101000100 + -10?
-12101000110
In base 12, what is -229 + 386?
159
In base 5, what is -21 - -22414332?
22414311
In base 9, what is -57480 + 6?
-57473
In base 6, what is 354531 - -44?
355015
In base 3, what is 111020200220 - -12?
111020201002
In base 11, what is 5 + 31024?
31029
In base 5, what is 10202 - -244?
11001
In base 2, what is 1011 - 11110001110?
-11110000011
In base 12, what is a8a - -2?
a90
In base 5, what is 10011 - -423?
10434
In base 9, what is -3 - -18225?
18222
In base 9, what is 1475 + 110?
1585
In base 4, what is 3 + 10202122?
10202131
In base 10, what is -56 + 9768?
9712
In base 5, what is -12110021 + -1?
-12110022
In base 13, what is 0 + 8558?
8558
In base 8, what is -15 - 26617?
-26634
In base 12, what is 196 - 105?
91
In base 8, what is -10242 - 17?
-10261
In base 9, what is 3128 - -277?
3416
In base 10, what is -39 - 74192?
-74231
In base 9, what is 1062410 + 2?
1062412
In base 6, what is 25 + -24243?
-24214
In base 2, what is 110101110011000 - 100101?
110101101110011
In base 5, what is 4201340 + 2?
4201342
In base 11, what is -2a3526a + 1?
-2a35269
In base 15, what is 116 - 110?
6
In base 15, what is -9d + -5bb?
-669
In base 11, what is 152 - a54?
-902
In base 12, what is 134 + -3ab1?
-3979
In base 5, what is -1 - -1002014?
1002013
In base 10, what is -3 + -31782?
-31785
In base 16, what is 26e + -108?
166
In base 16, what is -1fc - -1b1?
-4b
In base 13, what is -a + 18a5?
1898
In base 5, what is -2 + 202412?
202410
In base 2, what is 11110 - 1001?
10101
In base 9, what is -32706 - 1?
-32707
In base 3, what is -2 + 111001201210?
111001201201
In base 7, what is -430301 - 5?
-430306
In base 9, what is -158387 - 4?
-158402
In base 10, what is 712816 - 3?
712813
In base 4, what is 2 + -2301022?
-2301020
In base 13, what is 7423 + -53?
73a0
In base 15, what is 1a + -46b7?
-469c
In base 14, what is 5 + -3754?
-374d
In base 15, what is -1 - -866dd?
866dc
In base 13, what is a2a - 297?
763
In base 13, what is 5 + -137276?
-137271
In base 7, what is 264 - 33?
231
In base 4, what is 130110 - -3002?
133112
In base 8, what is 2 + -42002?
-42000
In base 4, what is 12122 + 10002?
22130
In base 2, what is -100 - -110111010101?
110111010001
In base 12, what is 270914 - -4?
270918
In base 2, what is -100101 - -111010100011?
111001111110
In base 6, what is -351152 + -114?
-351310
In base 6, what is 52 - 2111?
-2015
In base 2, what is 100011 + 10001010011?
10001110110
In base 3, what is 110 + 122102?
122212
In base 5, what is -4 + 102031434?
102031430
In base 13, what is 45 - 699c?
-6957
In base 13, what is 168 + -c?
159
In base 3, what is -10 + 120022020?
120022010
In base 11, what is -4 + -15531?
-15535
In base 6, what is -252 + -514?
-1210
In base 6, what is -13 - 1011014?
-1011031
In base 7, what is 2 - -1551661?
1551663
In base 11, what is 4 - 5032?
-5029
In base 15, what is 7ec - -4cd?
cca
In base 11, what is -3 + -5a86?
-5a89
In base 11, what is 2869 + -1?
2868
In base 3, what is 11010 + -21210000?
-21121220
In base 10, what is -24 + -